{"id":356,"date":"2025-08-06T19:05:58","date_gmt":"2025-08-06T19:05:58","guid":{"rendered":"https:\/\/cecilio.comercialcecilio.es\/?post_type=product&#038;p=356"},"modified":"2026-06-10T21:30:11","modified_gmt":"2026-06-10T21:30:11","slug":"universal-combi-7-operacoes-robland-nlx-31","status":"publish","type":"product","link":"https:\/\/www.comercialcecilio.es\/pt\/maquinaria\/universal-combi-7-operacoes-robland-nlx-31\/","title":{"rendered":"Robland NLX-31 universal combinado de 7 opera\u00e7\u00f5es"},"content":{"rendered":"<ol>\n<li>Combina\u00e7\u00e3o universal muito robusta em ferro fundido.<\/li>\n<li>Com sistema de trav\u00e3o motor na moldadora de fuso.<\/li>\n<li>3 motores refor\u00e7ados independentes de 6,6 CV. Cada um.<\/li>\n<li>Sistema de arranque com interrutor seletor.<\/li>\n<li>Interruptores de emerg\u00eancia na parte lateral da m\u00e1quina.<\/li>\n<li>Rodas manuais para movimentos de manobra.<\/li>\n<li>Regulamentos CE<\/li>\n<\/ol>\n<h3>Dados gerais da m\u00e1quina<\/h3>\n<ul class=\"list-style\">\n<li>Comprimento total: 2.3000mm<\/li>\n<li>Largura total: 1.300mm<\/li>\n<li>Altura: 1.000mm<\/li>\n<li>Peso: 700KG<\/li>\n<\/ul>","protected":false},"excerpt":{"rendered":"<ol>\n<li>\n<h3>Serra circular - Esquadrejadora<\/h3>\n<ul class=\"list-style\">\n<li>Di\u00e2metro m\u00e1ximo do disco\/min: 300mm<\/li>\n<li>Di\u00e2metro do veio: 30 mm<\/li>\n<li>R.P.M. do eixo: 4.500<\/li>\n<li>Corte m\u00e1ximo da guia paralela: 680 mm<\/li>\n<li>Comprimento m\u00e1ximo de corte: 2.500mm<\/li>\n<li>Inclina\u00e7\u00e3o da serra circular: 0\u00ba-45\u00ba.<\/li>\n<li>Altura m\u00e1xima de corte: 100 mm<\/li>\n<li>Altura m\u00e1xima de corte a 45\u00ba: 70mm<\/li>\n<li>Di\u00e2metro de aspira\u00e7\u00e3o: 100 mm<\/li>\n<li>Pot\u00eancia do motor: 6,6HP<\/li>\n<\/ul>\n<h3>Disco de pontua\u00e7\u00e3o<\/h3>\n<ul class=\"list-style\">\n<li>Di\u00e2metro m\u00e1ximo do disco: 120 mm<\/li>\n<li>Di\u00e2metro do veio: 20 mm<\/li>\n<li>R.P.M. do veio: 7.000<\/li>\n<li>Pot\u00eancia do motor: 0,75HP<\/li>\n<\/ul>\n<h3>Tupi<\/h3>\n<ul class=\"list-style\">\n<li>Di\u00e2metro do veio: 50mm<\/li>\n<li>Velocidades de funcionamento (trif\u00e1sico): 2.900\/4.000\/6.000\/7.500<\/li>\n<li>Di\u00e2metro m\u00e1x. da fresa: 180mm<\/li>\n<li>Altura m\u00e1xima do eixo: 125 mm<\/li>\n<li>Pot\u00eancia do motor: 6,6HP<\/li>\n<\/ul>\n<h3>Plaina - Espessadora - Furadeira<\/h3>\n<ul class=\"list-style\">\n<li>Largura m\u00e1xima de trabalho a aplainar: 310 mm<\/li>\n<li>Comprimento total da mesa: 1.400mm<\/li>\n<li>Suporte angular: 1300X150mm<\/li>\n<li>Inclina\u00e7\u00e3o do suporte: 0\u00ba-45\u00ba.<\/li>\n<li>Largura m\u00e1xima de trabalho de espessamento: 310 mm<\/li>\n<li>Profundidade m\u00e1xima de espessura: 4 mm<\/li>\n<li>Altura m\u00e1xima: 230 mm<\/li>\n<li>Velocidade de avan\u00e7o m\/mts: 7<\/li>\n<li>Di\u00e2metro do veio: 70mm<\/li>\n<li>N.\u00ba de l\u00e2minas: 3<\/li>\n<li>Dimens\u00f5es da l\u00e2mina: 310X25X3mm<\/li>\n<li>R.P.M.: 4,500<\/li>\n<li>Pot\u00eancia do motor: 6,6 CV<\/li>\n<li>Di\u00e2metro m\u00e1ximo do furo: 16 mm<\/li>\n<li>Dimens\u00f5es da mesa de trabalho: 200X425mm<\/li>\n<li>Curso longitudinal: 140 mm<\/li>\n<li>Curso transversal: 165 mm<\/li>\n<li>Curso vertical: 85 mm<\/li>\n<\/ul>\n<\/li>\n<\/ol>","protected":false},"featured_media":357,"template":"","meta":[],"product_brand":[20],"product_cat":[26,74,105,53],"product_tag":[22],"class_list":["post-356","product","type-product","status-publish","has-post-thumbnail","product_brand-robland","product_cat-combinada","product_cat-combinada-robland","product_cat-combinadass","product_cat-maquinaria","product_tag-madera","first","instock","shipping-taxable","purchasable","product-type-simple"],"_links":{"self":[{"href":"https:\/\/www.comercialcecilio.es\/pt\/wp-json\/wp\/v2\/product\/356","targetHints":{"allow":["GET"]}}],"collection":[{"href":"https:\/\/www.comercialcecilio.es\/pt\/wp-json\/wp\/v2\/product"}],"about":[{"href":"https:\/\/www.comercialcecilio.es\/pt\/wp-json\/wp\/v2\/types\/product"}],"wp:featuredmedia":[{"embeddable":true,"href":"https:\/\/www.comercialcecilio.es\/pt\/wp-json\/wp\/v2\/media\/357"}],"wp:attachment":[{"href":"https:\/\/www.comercialcecilio.es\/pt\/wp-json\/wp\/v2\/media?parent=356"}],"wp:term":[{"taxonomy":"product_brand","embeddable":true,"href":"https:\/\/www.comercialcecilio.es\/pt\/wp-json\/wp\/v2\/product_brand?post=356"},{"taxonomy":"product_cat","embeddable":true,"href":"https:\/\/www.comercialcecilio.es\/pt\/wp-json\/wp\/v2\/product_cat?post=356"},{"taxonomy":"product_tag","embeddable":true,"href":"https:\/\/www.comercialcecilio.es\/pt\/wp-json\/wp\/v2\/product_tag?post=356"}],"curies":[{"name":"wp","href":"https:\/\/api.w.org\/{rel}","templated":true}]}}

Robland NLX-31 universal combinado de 7 operações

<ol>
<li>Combinação universal muito robusta em ferro fundido.</li>
<li>Com sistema de travão motor na moldadora de fuso.</li>
<li>3 motores reforçados independentes de 6,6 CV. Cada um.</li>
<li>Sistema de arranque com interrutor seletor.</li>
<li>Interruptores de emergência na parte lateral da máquina.</li>
<li>Rodas manuais para movimentos de manobra.</li>
<li>Regulamentos CE</li>
</ol>
<h3>Dados gerais da máquina</h3>
<ul class="list-style">
<li>Comprimento total: 2.3000mm</li>
<li>Largura total: 1.300mm</li>
<li>Altura: 1.000mm</li>
<li>Peso: 700KG</li>
</ul>

<ol>
<li>
<h3>Serra circular - Esquadrejadora</h3>
<ul class="list-style">
<li>Diâmetro máximo do disco/min: 300mm</li>
<li>Diâmetro do veio: 30 mm</li>
<li>R.P.M. do eixo: 4.500</li>
<li>Corte máximo da guia paralela: 680 mm</li>
<li>Comprimento máximo de corte: 2.500mm</li>
<li>Inclinação da serra circular: 0º-45º.</li>
<li>Altura máxima de corte: 100 mm</li>
<li>Altura máxima de corte a 45º: 70mm</li>
<li>Diâmetro de aspiração: 100 mm</li>
<li>Potência do motor: 6,6HP</li>
</ul>
<h3>Disco de pontuação</h3>
<ul class="list-style">
<li>Diâmetro máximo do disco: 120 mm</li>
<li>Diâmetro do veio: 20 mm</li>
<li>R.P.M. do veio: 7.000</li>
<li>Potência do motor: 0,75HP</li>
</ul>
<h3>Tupi</h3>
<ul class="list-style">
<li>Diâmetro do veio: 50mm</li>
<li>Velocidades de funcionamento (trifásico): 2.900/4.000/6.000/7.500</li>
<li>Diâmetro máx. da fresa: 180mm</li>
<li>Altura máxima do eixo: 125 mm</li>
<li>Potência do motor: 6,6HP</li>
</ul>
<h3>Plaina - Espessadora - Furadeira</h3>
<ul class="list-style">
<li>Largura máxima de trabalho a aplainar: 310 mm</li>
<li>Comprimento total da mesa: 1.400mm</li>
<li>Suporte angular: 1300X150mm</li>
<li>Inclinação do suporte: 0º-45º.</li>
<li>Largura máxima de trabalho de espessamento: 310 mm</li>
<li>Profundidade máxima de espessura: 4 mm</li>
<li>Altura máxima: 230 mm</li>
<li>Velocidade de avanço m/mts: 7</li>
<li>Diâmetro do veio: 70mm</li>
<li>N.º de lâminas: 3</li>
<li>Dimensões da lâmina: 310X25X3mm</li>
<li>R.P.M.: 4,500</li>
<li>Potência do motor: 6,6 CV</li>
<li>Diâmetro máximo do furo: 16 mm</li>
<li>Dimensões da mesa de trabalho: 200X425mm</li>
<li>Curso longitudinal: 140 mm</li>
<li>Curso transversal: 165 mm</li>
<li>Curso vertical: 85 mm</li>
</ul>
</li>
</ol>
